 -3*q - 5*a = -10. Calculate the highest common factor of q and 205.
5
Let a(w) = -w**2 + 40*w - 186. Let n be a(34). Calculate the highest common divisor of 387 and n.
9
Let d be ((-212)/(-3))/((-32)/(-48)). Let l be ((-53)/(-4))/(1/4). Calculate the greatest common factor of l and d.
53
Let q = 37 + -87. Let y be (-342)/(-10) + 10/q. What is the greatest common factor of y and 272?
34
Let z(d) = -d**3 - d**2 + d - 1. Let f(a) = 8*a**3 - 6*a + 1. Let o(s) = -f(s) - 3*z(s). Let l be o(-2). Calculate the greatest common factor of 6 and l.
6
Suppose 175 + 56 = 3*o. What is the highest common divisor of o and 22?
11
Let m be (4 - -4)/(4/10). Let i = 33 - m. Let h = 90 - 51. Calculate the greatest common factor of i and h.
13
Suppose -2*a = 2*j - 12, 3*a - 7*a + 2*j = -12. Suppose -a*r = -r + 183. Let u = r - -109. What is the highest common divisor of 8 and u?
8
Suppose 0 = -14*a - 10 + 38. Suppose 10*r = a*r + 240. What is the highest common factor of 60 and r?
30
Let n(c) = -c**3 + 18*c**2. Let g be n(10). Suppose -3*s - 3*z + 423 = 0, 5*z - g = -4*s - 235. What is the greatest common divisor of 20 and s?
20
Let b(f) = 101*f + 14. Let r be b(2). Let l = -27 - -51. Calculate the greatest common factor of r and l.
24
Let j be (-940)/(-18) + 16/(-72). What is the highest common factor of j and 65?
13
Suppose 3*f - 9 - 3 = 0. Suppose -2*n - 28 + f = 2*g, -30 = 3*g - 3*n. Let y = g - -12. Calculate the highest common factor of y and 3.
1
Suppose 0 = -4*n + 75 - 23. Let z be (-3)/18 + (-260)/24. Let t be -2 - -6*(-2 - z). What is the greatest common factor of n and t?
13
Let v(b) = 5*b - 6. Let i be v(5). Suppose 4*n = -i + 91. Let u = 4202 - 4190. What is the highest common divisor of u and n?
6
Let p = -1001 + 1205. What is the greatest common factor of 108 and p?
12
Let l = -7 + 9. Suppose 71 = m + 3*k - 0*k, l*k + 166 = 2*m. Calculate the highest common divisor of 20 and m.
20
Suppose 0 = 6*f + 7 + 17. Let b be (f + 1)/(5/(-35)). Calculate the greatest common factor of b and 21.
21
Let g be (1 - (-25)/2)*(34 - 32). What is the greatest common divisor of g and 270?
27
Suppose 13*w - 1242 = 45. Let x = 37 - 26. Calculate the highest common divisor of x and w.
11
Let p be (-19)/((-76)/(-8))*18/(-4). What is the highest common factor of p and 63?
9
Let i(d) = d**2 - 4*d + 5. Let u be i(4). Suppose -7*c + 2*c + 30 = u*j, -c + 4*j - 14 = 0. Let o = 331 - 327. What is the highest common divisor of c and o?
2
Let j = 459 - 412. What is the greatest common divisor of 141 and j?
47
Let i(u) = 4*u**2 + 2*u + 4. Let z be i(2). Calculate the highest common divisor of z and 108.
12
Suppose -17 = 5*q + 8, -5*c - 10 = -q. Let n be (3 - (18 + c))*7/(-2). What is the highest common factor of 42 and n?
42
Let o(j) = 4*j**2 - 6*j + 5. Let n be o(1). Let v(k) = -3*k + 5. Let r be v(-6). Suppose 2*p - r + n = 0. Calculate the greatest common factor of 90 and p.
10
Suppose -4*x = -0*x + 164. Let n = -24 - x. Let r = n + -13. What is the highest common divisor of r and 44?
4
Let g = 226 + -194. Calculate the highest common divisor of 4 and g.
4
Let m be (552/460)/(1/(90 - 0)). Calculate the highest common factor of 36 and m.
36
Let g be (387/516)/((-2)/(-40) - 0). Suppose -x + 4*x = 495. What is the greatest common divisor of g and x?
15
Suppose -3*u - 50 = -5*x + 35, -3*u - 5*x = 35. Let s = -11 - u. Calculate the highest common divisor of s and 9.
9
Suppose 25 = -5*y, -r = 3*y - 0*y + 6. Suppose r*w = 5*w + 108. Let h be ((-3)/2)/(-1*(-3)/(-6)). Calculate the greatest common divisor of w and h.
3
Let i(v) = -25*v - 5. Let z = -27 + 14. Let m = z + 8. Let t be i(m). What is the greatest common divisor of t and 48?
24
Let s be (-172)/5 - (-4)/10. Let j = -28 - s. Calculate the highest common factor of 66 and j.
6
Let v(i) = 30*i**2 + 27*i - 20. Let b be v(6). What is the highest common factor of b and 94?
94
Suppose 0 = 3*i + 15, -5*i + i = 3*r - 304. What is the highest common divisor of 612 and r?
36
Let f = 24 + -19. Let j be (-10)/25 - (-422)/f. Let k = 70 - 49. What is the highest common factor of k and j?
21
Suppose 5*c - 60 = 2*c. Let t be (20/3)/((-2)/24*-1). Calculate the highest common factor of c and t.
20
Suppose -2*t + 7*t = 115. Suppose 4*b = -5*w + 460, -747*w - 4*b = -749*w + 184. Calculate the greatest common factor of w and t.
23
Let u be (-6)/(-33) - 1180/(-44). Let y = -10 + u. Suppose 7*n - 4*n + 138 = 3*h, 3*n = -4*h + 219. Calculate the greatest common factor of y and h.
17
Let x be (2 + (-4 - -2))/(0 + 2). Let v be 1 - x - (5 - 2 - 57). Calculate the highest common divisor of v and 5.
5
Suppose -139*r - 972 = -142*r. Calculate the highest common factor of 9 and r.
9
Let i(c) = -c**3 + 16*c**2 + 22*c - 26. Let w be i(17). What is the highest common divisor of w and 1475?
59
Let t be -2*1 - (-61 - 7). Suppose -2*h + t = -4*w + w, 3*h - 2*w = 104. Calculate the highest common divisor of h and 12.
12
Let p be (-2)/((-2)/(-1)) + -4. Let s be (-260)/(-24) + (-7)/(-126)*3. Let y = p + s. What is the highest common factor of 12 and y?
6
Suppose 0 = -5*x + 15. Let k be (-10)/(-4) + x/6. Let w(f) = 2*f**2 - f - 3. Let z be w(k). Calculate the greatest common divisor of 36 and z.
12
Let f be -4 + (1 + 498 - (-41 - -46)). What is the highest common divisor of 294 and f?
98
Suppose 2*g - 394 + 70 = 0. Let w = -66 + g. Suppose 4*t = 4*c - 148, -436 + 426 = 2*t. Calculate the highest common divisor of c and w.
32
Suppose -5*v + 2*v + 27 = 0. Suppose -3*l = 3*a - 4*l, -2*l = 4*a. Suppose w = -a + v. What is the highest common divisor of w and 3?
3
Suppose -4*i + 0*i - 3*c = -9, 2*i = -3*c + 3. Suppose -i*p - 5*p = -960. What is the highest common factor of p and 80?
40
Let z(m) = 4*m - 11. Let g be z(8). Let x = g - 3. Let l = -627 + 654. Calculate the highest common factor of l and x.
9
Let q be 2/(-3) - 190/(-6). Let z(j) = 2*j**3 - 8*j**2 - 5*j + 3. Let d be z(3). Let o = q + d. What is the highest common divisor of 4 and o?
1
Suppose 162*p - 166*p + 3*g + 3388 = 0, 4*g - 847 = -p. Calculate the greatest common divisor of 154 and p.
77
Let d = -2 + 7. Let k(v) = v + 18. Let j be k(19). Let r = j + d. What is the highest common divisor of r and 28?
14
Suppose -q + 0 = -2*j - 3, -5*q + 3*j + 22 = 0. Let c(z) = 4*z + 19. Let s be c(q). What is the greatest common factor of 65 and s?
13
Suppose 0 = 15*a - 14*a - 50*a + 1862. Suppose -4*s - s + 10 = 0. Calculate the highest common factor of s and a.
2
Suppose 4*t - 5*a = t + 1, -3*t = 4*a - 10. Let i(u) = -35*u + 285. Let b be i(8). Suppose -b*d = -t*d - 33. Calculate the greatest common divisor of d and 11.
11
Suppose -12*p = 48 - 468. What is the greatest common divisor of p and 56?
7
Suppose -21*p - p + 12496 = 0. What is the highest common factor of p and 71?
71
Let v = 47 + -44. Suppose 0 = v*u - 7*u + 480. Calculate the greatest common divisor of 48 and u.
24
Let d be (415/15)/(1/3). Let w = -49 + d. Suppose -2*m - 171 = -273. Calculate the highest common factor of w and m.
17
Let n be 1 - ((-2)/5)/(3/15). Suppose 17 = 3*j - m + 1, -4*m + 41 = n*j. What is the highest common factor of j and 35?
7
Let n(c) = 8*c - 1. Let b(m) = -m**3 + 4*m**2 + 8*m - 5. Let x be b(5). Let s = 11 - x. Let i be n(s). What is the highest common factor of 7 and i?
7
Let v = 0 + 4. Let d(l) = -2*l - l**2 + 0*l + 43*l**3 + v*l**2 - 4*l**2 + 2. Let w be d(1). What is the greatest common factor of w and 14?
14
Let j(s) = -5*s + 51. Let y be j(9). Let r be 10/y - (60/9)/10. What is the greatest common factor of r and 1?
1
Suppose 13 - 5 = d + 5*s, 2*d - 38 = s. Suppose -3*a + 2*r + 8 = 0, 4*a + r + 3 = 32. What is the highest common factor of d and a?
6
Let k = -443 - -572. What is the greatest common factor of k and 86?
43
Let d = -1714 - -1788. Calculate the greatest common divisor of 518 and d.
74
Let t(x) = -x**3 - 4*x**2 - 3*x. Let b be t(-4). Let l be 6873/(-21) + (4/(-7))/(-2). Let y = l + 459. Calculate the highest common divisor of y and b.
12
Suppose -o = 2*y - 12, -14 - 34 = -5*o - 4*y. Let t = -163 + 49. Let p = -98 - t. What is the highest common factor of p and o?
8
Suppose -r - 327 = -w, -2*r - 461 = -w - 129. What is the highest common factor of w and 7?
7
Suppose 345 - 2010 = -37*l. Calculate the greatest common 